at is the highest common divisor of 11567 and 3139?
43
Calculate the greatest common divisor of 171159 and 177.
177
What is the greatest common factor of 47364 and 24?
12
What is the highest common divisor of 543102 and 420?
42
Calculate the greatest common factor of 216 and 7632.
72
Calculate the greatest common divisor of 11918 and 1919.
101
Calculate the greatest common divisor of 48921 and 1656.
69
What is the greatest common factor of 105 and 147025?
5
Calculate the highest common divisor of 764 and 500611.
191
What is the highest common factor of 58 and 2818?
2
Calculate the greatest common divisor of 83394 and 36.
18
What is the highest common divisor of 2301 and 18762?
177
What is the greatest common factor of 432 and 68229?
27
What is the highest common divisor of 2572432 and 1376?
688
Calculate the highest common divisor of 7455 and 245.
35
Calculate the greatest common factor of 70 and 1825.
5
Calculate the greatest common divisor of 7100 and 200.
100
Calculate the highest common factor of 141 and 282.
141
Calculate the greatest common divisor of 7631 and 533.
13
What is the greatest common divisor of 629 and 10249?
37
Calculate the greatest common factor of 630 and 7420.
70
What is the highest common factor of 492354 and 306?
306
Calculate the greatest common divisor of 480 and 200480.
160
What is the highest common divisor of 372 and 4588?
124
Calculate the highest common divisor of 213 and 699.
3
Calculate the greatest common divisor of 90 and 8217.
9
Calculate the highest common factor of 24 and 77331.
3
What is the highest common factor of 3906 and 81778?
62
Calculate the greatest common factor of 2016 and 11466.
126
Calculate the greatest common factor of 2175 and 3928775.
725
What is the highest common divisor of 1509207 and 21?
21
What is the greatest common divisor of 570 and 477850?
190
Calculate the highest common divisor of 25 and 2435.
5
Calculate the highest common divisor of 192 and 8192.
64
Calculate the greatest common factor of 5312 and 5504.
64
What is the highest common divisor of 562 and 17?
1
What is the greatest common factor of 1369782 and 144?
18
Calculate the highest common factor of 1942 and 9.
1
What is the greatest common factor of 833273 and 7?
7
Calculate the greatest common divisor of 16520 and 168.
56
What is the highest common factor of 5460 and 37380?
420
What is the highest common divisor of 8974221 and 93?
93
Calculate the greatest common factor of 81319 and 7.
7
Calculate the highest common divisor of 31737 and 46434.
213
What is the highest common factor of 435517 and 4419?
491
Calculate the greatest common divisor of 1411 and 3349.
17
Calculate the highest common factor of 637452 and 108.
36
What is the highest common factor of 3836529 and 837?
279
What is the highest common divisor of 12 and 1721688?
12
What is the greatest common factor of 29865 and 1155?
165
What is the highest common factor of 10464 and 82848?
96
What is the greatest common divisor of 188972 and 7?
7
What is the greatest common divisor of 56133 and 35937?
297
What is the highest common divisor of 420045 and 14145?
615
Calculate the highest common divisor of 14960 and 990.
110
Calculate the greatest common divisor of 11687 and 8091.
899
What is the greatest common factor of 462 and 19250?
154
Calculate the greatest common factor of 214 and 100045.
107
What is the highest common divisor of 53 and 2074473?
53
Calculate the greatest common factor of 108 and 3984.
12
What is the greatest common divisor of 378469 and 91?
91
Calculate the greatest common divisor of 314 and 151034.
314
Calculate the greatest common factor of 736 and 122751.
23
What is the highest common factor of 251026 and 626?
626
What is the highest common divisor of 5562742 and 134?
134
Calculate the greatest common factor of 54423 and 621.
9
Calculate the highest common factor of 9673 and 782.
17
What is the highest common factor of 148332 and 564?
564
What is the highest common factor of 77 and 59213?
77
Calculate the highest common divisor of 2304 and 666.
18
What is the greatest common divisor of 2193 and 18?
3
Calculate the highest common factor of 64 and 6334528.
64
Calculate the highest common factor of 117876 and 1140.
228
Calculate the highest common divisor of 221545 and 295.
295
Calculate the highest common factor of 66562 and 10.
2
Calculate the greatest common factor of 2600 and 34600.
200
What is the greatest common factor of 138 and 180734?
46
Calculate the greatest common factor of 166876 and 8.
4
What is the highest common factor of 12275 and 15?
5
What is the greatest common factor of 700 and 48650?
350
What is the highest common factor of 432 and 1555362?
54
Calculate the greatest common divisor of 61950 and 2800.
350
Calculate the greatest common divisor of 180 and 39885.
15
Calculate the highest common divisor of 1199610 and 540.
270
Calculate the highest common divisor of 310360 and 35.
5
What is the greatest common factor of 134 and 526486?
134
What is the greatest common divisor of 2346452 and 149?
149
Calculate the highest common factor of 1414350 and 450.
450
Calculate the highest common divisor of 1084 and 241190.
542
What is the highest common factor of 7738 and 9928?
146
Calculate the highest common divisor of 13 and 8554754.
13
Calculate the highest common divisor of 300 and 2796.
12
Calculate the greatest common divisor of 78 and 4533464.
26
What is the highest common divisor of 110095 and 10?
5
What is the greatest common factor of 13303 and 4?
1
Calculate the highest common divisor of 21 and 833.
7
What is the highest common divisor of 10488 and 5016?
456
Calculate the highest common divisor of 268201 and 67.
67
Calculate the highest common factor of 279 and 28881.
9
Calculate the greatest common divisor of 3701890 and 410.
410
What is the greatest common factor of 38703 and 8379?
399
What is the greatest common divisor of 62944 and 9554?
562
What is the highest common divisor of 148 and 45806?
74
Calculate the greatest common factor of 14 and 17059.
7
Calculate the highest common factor of 236 and 416953.
59
What is the greatest common divisor of 83745 and 11880?
45
What is the greatest common divisor of 44 and 76450?
22
Calculate the greatest common divisor of 63492 and 4.
4
Calculate the highest common factor of 11050 and 30550.
650
Calculate the highest common divisor of 1520 and 664480.
80
What is the highest common divisor of 310 and 109?
1
Calculate the greatest common factor of 17898 and 24021.
471
Calculate the highest common divisor of 12938 and 8.
2
What is the highest common factor of 532168 and 910?
182
Calculate the greatest common factor of 2456 and 136.
8
Calculate the greatest common factor of 77542 and 31130.
566
What is the greatest common factor of 165 and 1020723?
33
Calculate the greatest common divisor of 30648 and 60.
12
Calculate the highest common divisor of 2016 and 17094.
42
What is the highest common factor of 247158 and 6368?
398
Calculate the greatest common factor of 25020 and 1.
1
Calculate the greatest common divisor of 253 and 17479.
11
What is the greatest common factor of 39281 and 66?
11
What is the highest common divisor of 391224 and 24?
24
What is the highest common factor of 154575 and 6075?
675
Calculate the highest common divisor of 4256 and 1092.
28
What is the highest common factor of 143292 and 564?
12
What is the greatest common factor of 882 and 20727?
441
What is the greatest common factor of 21392 and 336?
112
What is the highest common divisor of 269736 and 24?
24
Calculate the greatest common factor of 7588 and 4935.
7
Calculate the highest common divisor of 77 and 63272.
11
Calculate the greatest common divisor of 752 and 40655.
47
What is the greatest common factor of 19535 and 15?
5
What is the greatest common divisor of 60 and 21345?
15
Calculate the greatest common factor of 1707 and 11609876.
569
What is the greatest common divisor of 106 and 500320?
106
Calculate the highest common divisor of 262 and 92486.
262
What is the highest common factor of 20 and 57060?
20
Calculate the highest common factor of 1119 and 4855341.
1119
Calculate the highest common divisor of 130 and 28795.
65
Calculate the highest common factor of 220 and 6556.
44
What is the greatest common